rue
Is 6449 composite?
False
Is 42589 prime?
True
Is 17881 a prime number?
True
Is 15157 composite?
True
Is 1183783 prime?
False
Is 449 prime?
True
Is 4831 a prime number?
True
Is 14509 a composite number?
True
Is 16411 prime?
True
Is 127423 prime?
True
Is 511519 a composite number?
False
Is 994261 prime?
False
Is 2629 a prime number?
False
Is 73237 a prime number?
True
Is 3407 a prime number?
True
Is 394 prime?
False
Is 5297 a composite number?
False
Is 568097 prime?
True
Is 353749 composite?
True
Is 130003 composite?
False
Is 718303 prime?
True
Is 412289 a prime number?
True
Is 97235 a prime number?
False
Is 219119 a prime number?
True
Is 6673 prime?
True
Is 135361 a composite number?
True
Is 385167 a prime number?
False
Is 69427 prime?
True
Is 38033 composite?
True
Is 302801 composite?
False
Is 72287 prime?
True
Is 214349 prime?
False
Is 238291 a composite number?
False
Is 867733 a composite number?
False
Is 752665 composite?
True
Is 106261 a composite number?
False
Is 40159 a composite number?
True
Is 321551 a prime number?
False
Is 4629 prime?
False
Is 14717 composite?
False
Is 491278 a prime number?
False
Is 75307 a composite number?
False
Is 41929 a composite number?
True
Is 58285 a composite number?
True
Is 42879 prime?
False
Is 270437 prime?
True
Is 10369 a composite number?
False
Is 123262 a prime number?
False
Is 5779 a composite number?
False
Is 107053 a composite number?
False
Is 5899 a composite number?
True
Is 341 a composite number?
True
Is 125921 prime?
True
Is 90929 a composite number?
True
Is 220769 a prime number?
False
Is 326773 a prime number?
True
Is 23189 composite?
False
Is 947458 a composite number?
True
Is 371463 prime?
False
Is 124103 a prime number?
False
Is 31811 a composite number?
True
Is 87797 prime?
True
Is 2927 a composite number?
False
Is 354247 a prime number?
True
Is 66151 prime?
False
Is 108631 prime?
True
Is 14277 composite?
True
Is 287909 composite?
True
Is 206209 a prime number?
True
Is 3593 a composite number?
False
Is 1135399 composite?
True
Is 797 prime?
True
Is 7901 a prime number?
True
Is 1087 prime?
True
Is 2897 a prime number?
True
Is 2683 prime?
True
Is 161493 a prime number?
False
Is 1399 composite?
False
Is 14621 prime?
True
Is 5879 a prime number?
True
Is 467 prime?
True
Is 12809 a prime number?
True
Is 1046 prime?
False
Is 6313 prime?
False
Is 1612679 prime?
True
Is 6803 composite?
False
Is 599 prime?
True
Is 233417 prime?
True
Is 1708129 prime?
False
Is 276739 prime?
True
Is 23099 a composite number?
False
Is 46603 a composite number?
True
Is 32159 prime?
True
Is 11593 composite?
False
Is 202367 a composite number?
True
Is 14143 composite?
False
Is 1691557 composite?
True
Is 195229 composite?
False
Is 8129 a composite number?
True
Is 117557 a composite number?
True
Is 7979 prime?
False
Is 243449 composite?
True
Is 15937 prime?
True
Is 85939 prime?
False
Is 66379 a composite number?
True
Is 80753 prime?
False
Is 123701 a composite number?
False
Is 400291 prime?
True
Is 3545 a composite number?
True
Is 22343 composite?
False
Is 197419 composite?
False
Is 207899 prime?
False
Is 17623 a composite number?
False
Is 6751 prime?
False
Is 243913 composite?
True
Is 15905 a composite number?
True
Is 460531 prime?
True
Is 468259 composite?
True
Is 149743 a composite number?
True
Is 3793 prime?
True
Is 95591 prime?
False
Is 68063 composite?
True
Is 3937 composite?
True
Is 18301 composite?
False
Is 413147 a composite number?
True
Is 49319 a prime number?
False
Is 127615 prime?
False
Is 322863 composite?
True
Is 54613 composite?
True
Is 504593 a composite number?
False
Is 33379 a prime number?
False
Is 58 a composite number?
True
Is 1276181 a composite number?
True
Is 3137 composite?
False
Is 86883 prime?
False
Is 799 a composite number?
True
Is 871 composite?
True
Is 5371 composite?
True
Is 51601 prime?
False
Is 30427 a prime number?
True
Is 342971 a prime number?
True
Is 65777 prime?
True
Is 46993 a prime number?
True
Is 657709 prime?
False
Is 2686535 prime?
False
Is 7613 a composite number?
True
Is 93127 a composite number?
True
Is 20393 composite?
False
Is 5839 a prime number?
True
Is 8885 composite?
True
Is 1992953 a composite number?
False
Is 3998051 composite?
True
Is 4741 composite?
True
Is 67741 composite?
False
Is 587 a composite number?
False
Is 2611 a prime number?
False
Is 407279 a composite number?
True
Is 275881 composite?
False
Is 18977 a prime number?
False
Is 6071 prime?
False
Is 308051 a composite number?
False
Is 37523 a prime number?
False
Is 403411 a prime number?
False
Is 1577657 a composite number?
False
Is 12571 composite?
True
Is 115195 a composite number?
True
Is 11057 a prime number?
True
Is 175089 composite?
True
Is 620377 prime?
True
Is 43009 composite?
True
Is 34807 prime?
True
Is 152245 prime?
False
Is 69749 prime?
False
Is 23183 a prime number?
False
Is 16669 a composite number?
True
Is 940643 prime?
False
Is 6953 composite?
True
Is 58711 prime?
True
Is 28453 a composite number?
True
Is 50627 composite?
False
Is 156419 a composite number?
False
Is 17783 composite?
False
Is 118033 a composite number?
False
Is 7447 a prime number?
False
Is 180949 a prime number?
True
Is 2921 prime?
False
Is 224069 a composite number?
False
Is 239219 a prime number?
False
Is 114997 a prime number?
True
Is 4049 composite?
False
Is 103387 composite?
False
Is 65167 a prime number?
True
Is 443239 composite?
True
Is 16979 a prime number?
True
Is 28369 prime?
False
Is 336353 composite?
False
Is 59693 prime?
True
Is 29059 a composite number?
False
Is 1837 prime?
False
Is 16127 a composite number?
False
Is 455899 prime?
True
Is 1426357 composite?
True
Is 678161 composite?
True
Is 287509 composite?
True
Is 254193 composite?
True
Is 35681 prime?
False
Is 14519 a prime number?
True
Is 5027 prime?
False
Is 613049 prime?
True
Is 54121 prime?
True
Is 1351239 prime?
False
Is 1557763 a prime number?
True
Is 1882183 a prime number?
True
Is 37619 a prime number?
True
Is 76177 prime?
False
Is 5953 prime?
True
Is 22181 prime?
False
Is 170507 a composite number?
True
Is 302827 prime?
False
Is 1010461 a prime number?
True
Is 70687 a prime number?
True
Is 6115 composite?
True
Is 56629 a prime number?
True
Is 1256387 a composite number?
True
Is 20873 prime?
True
Is 11341 a composite number?
True
Is 5207 composite?
True
Is 122487 a prime number?
False
Is 312967 prime?
True
Is 5273 a composite number?
False
Is 368911 composite?
False
Is 6797987 a prime number?
False
Is 205441 a composite number?
False
Is 877 composite?
False
Is 112399 prime?
False
Is 19631 a prime number?
False
Is 9229 a prime number?
False
Is 38273 prime?
True
Is 1577183 a prime number?
True
Is 873461 a prime number?
True
Is 240551 composite?
False
Is 3817 prime?
False
Is 10921 composite?
True
Is 24487 a composite number?
True
Is 20561 prime?
False
Is 5561 prime?
False
Is 151642 a composite number?
True
Is 67141 a prime number?
True
Is 175706 a composite number?
True
Is 102743 prime?
False
Is 646213 prime?
False
Is 328093 composite?
False
Is 38667 prime?
False
Is 53471 composite?
True
Is 288019 a prime number?
False
Is 2407 a prime number?
False
Is 550499 a prime number?
False
Is 152597 composite?
False
Is 971 prime?
True
Is 4874 prime?
False
Is 30427 prime?
True
Is 365647 a prime number?
False
Is 28369 composite?
True
Is 876587 a prime number?
False
Is 11993 composite?
True
Is 1171387 prime?
False
Is 31243 composite?
True
Is 40073 a composite number?
True
Is 527539 prime?
False
Is 6323 a prime number?
True
Is 55763 a prime number?
True
Is 97073 prime?
True
Is 35051 composite?
False
Is 2939 prime?
True
Is 221 a composite number?
True
Is 68611 a composite number?
False
Is 91115 a prime number?
False
Is 14095 composite?
True
Is 41487 composite?
True
Is 5029 a composite number?
True
Is 35311 a composite number?
False
Is 309041 prime?
False
Is 14909 composite?
True
Is 56395 a composite number?
True
Is 8817 a prime number?
False
Is 142171 a composite number?
True
Is 5926 prime?
False
Is 15019 a prime number?
False
Is 78763 composite?
True
Is 14177 prime?
True
Is 45442 a prime number?
False
Is 15449 composite?
True
Is 672743 composite?
False
Is 1039 a composite number?
False
Is 389 composite?
False
Is 1057087 composite?
False
Is 130443 prime?
False
I